{"id":4139,"date":"2024-04-29T16:36:56","date_gmt":"2024-04-29T14:36:56","guid":{"rendered":"https:\/\/www.stagegent.org\/content\/?page_id=4139"},"modified":"2025-07-26T11:50:47","modified_gmt":"2025-07-26T09:50:47","slug":"bedankt","status":"publish","type":"page","link":"https:\/\/www.stagegent.org\/content\/","title":{"rendered":"Bedankt"},"content":{"rendered":"\n<h3 class=\"wp-block-heading has-text-align-center has-metallic-red-color has-text-color\">Bedankt aan alle deelnemers om van de editie 2025 een TOP-EDITIE te maken!<br>Merci \u00e0 tous les participants d&#8217;avoir fait de l&#8217;\u00e9dition 2025 une \u00c9DITION TOP !<br>Thanks to all participants for making the 2025 edition a TOP EDITION!<\/h3>\n\n\n\n<p class=\"has-text-align-center\">Fotoreeks 1 van NOEL Charl\u00e8ne: <a href=\"https:\/\/drive.google.com\/drive\/folders\/1uhueQMUtmmnho_jD2DS2kQd-u1tkd1pZ?usp=sharing\">Stage Gent 2025<\/a><br>Fotoreeks 2 van NOLF Heidi: <a href=\"https:\/\/photos.app.goo.gl\/9MMgJF9CLhaUqGjm6\">Stage Gent 2025<\/a><\/p>\n\n\n\n<h3 class=\"wp-block-heading has-text-align-center has-metallic-red-color has-text-color\">Internationale JKA stage S. MIYAZAKI 2026: vrijdag 3\/7 &#8211; zaterdag 4\/7 &#8211; zondag 5\/7<br>Stage JKA international S. MIYAZAKI 2026: vendredi 3\/7 &#8211; samedi 4\/7 &#8211; dimanche 5\/7<br>International JAK camp S. MIYAZAKI\u00a02026: Friday 3\/7 &#8211; Saturday 4\/7 &#8211; Sunday 5\/7<\/h3>\n","protected":false},"excerpt":{"rendered":"<p>This is a Page excerpt. It will be displayed for search results<\/p>\n","protected":false},"author":1,"featured_media":0,"parent":0,"menu_order":0,"comment_status":"closed","ping_status":"open","template":"","meta":{"_exactmetrics_skip_tracking":false,"_exactmetrics_sitenote_active":false,"_exactmetrics_sitenote_note":"","_exactmetrics_sitenote_category":0,"footnotes":""},"class_list":["post-4139","page","type-page","status-publish","hentry"],"yoast_head":"<!-- This site is optimized with the Yoast SEO plugin v25.5 - https:\/\/yoast.com\/wordpress\/plugins\/seo\/ -->\n<title>Bedankt - International JKA camp S. Miyazaki<\/title>\n<meta name=\"description\" content=\"Bedankt om van de internationale JKA stage S. MIYAZAKI een geweldig weekend te maken. Graag zien we jullie volgend jaar terug voor een spetterende editie.\" \/>\n<meta name=\"robots\" content=\"index, follow, max-snippet:-1, max-image-preview:large, max-video-preview:-1\" \/>\n<link rel=\"canonical\" href=\"https:\/\/www.stagegent.org\/content\/\" \/>\n<meta property=\"og:locale\" content=\"nl_NL\" \/>\n<meta property=\"og:type\" content=\"article\" \/>\n<meta property=\"og:title\" content=\"Bedankt - International JKA camp S. Miyazaki\" \/>\n<meta property=\"og:description\" content=\"Bedankt om van de internationale JKA stage S. MIYAZAKI een geweldig weekend te maken. Graag zien we jullie volgend jaar terug voor een spetterende editie.\" \/>\n<meta property=\"og:url\" content=\"https:\/\/www.stagegent.org\/content\/\" \/>\n<meta property=\"og:site_name\" content=\"International JKA camp S. Miyazaki\" \/>\n<meta property=\"article:publisher\" content=\"https:\/\/www.facebook.com\/Internationale-JKA-Stage-S-Miyazaki-778343302215981\/\" \/>\n<meta property=\"article:modified_time\" content=\"2025-07-26T09:50:47+00:00\" \/>\n<meta name=\"twitter:card\" content=\"summary_large_image\" \/>\n<meta name=\"twitter:label1\" content=\"Geschatte leestijd\" \/>\n\t<meta name=\"twitter:data1\" content=\"1 minuut\" \/>\n<script type=\"application\/ld+json\" class=\"yoast-schema-graph\">{\"@context\":\"https:\/\/schema.org\",\"@graph\":[{\"@type\":\"WebPage\",\"@id\":\"https:\/\/www.stagegent.org\/content\/\",\"url\":\"https:\/\/www.stagegent.org\/content\/\",\"name\":\"Bedankt - International JKA camp S. Miyazaki\",\"isPartOf\":{\"@id\":\"https:\/\/www.stagegent.org\/content\/#website\"},\"datePublished\":\"2024-04-29T14:36:56+00:00\",\"dateModified\":\"2025-07-26T09:50:47+00:00\",\"description\":\"Bedankt om van de internationale JKA stage S. MIYAZAKI een geweldig weekend te maken. Graag zien we jullie volgend jaar terug voor een spetterende editie.\",\"breadcrumb\":{\"@id\":\"https:\/\/www.stagegent.org\/content\/#breadcrumb\"},\"inLanguage\":\"nl-NL\",\"potentialAction\":[{\"@type\":\"ReadAction\",\"target\":[\"https:\/\/www.stagegent.org\/content\/\"]}]},{\"@type\":\"BreadcrumbList\",\"@id\":\"https:\/\/www.stagegent.org\/content\/#breadcrumb\",\"itemListElement\":[{\"@type\":\"ListItem\",\"position\":1,\"name\":\"Home\",\"item\":\"https:\/\/www.stagegent.org\/content\/bedankt\/\"},{\"@type\":\"ListItem\",\"position\":2,\"name\":\"Bedankt\"}]},{\"@type\":\"WebSite\",\"@id\":\"https:\/\/www.stagegent.org\/content\/#website\",\"url\":\"https:\/\/www.stagegent.org\/content\/\",\"name\":\"International JKA camp S. Miyazaki\",\"description\":\"International JKA camp S. Miyazaki\",\"potentialAction\":[{\"@type\":\"SearchAction\",\"target\":{\"@type\":\"EntryPoint\",\"urlTemplate\":\"https:\/\/www.stagegent.org\/content\/?s={search_term_string}\"},\"query-input\":{\"@type\":\"PropertyValueSpecification\",\"valueRequired\":true,\"valueName\":\"search_term_string\"}}],\"inLanguage\":\"nl-NL\"}]}<\/script>\n<!-- \/ Yoast SEO plugin. -->","yoast_head_json":{"title":"Bedankt - International JKA camp S. Miyazaki","description":"Bedankt om van de internationale JKA stage S. MIYAZAKI een geweldig weekend te maken. Graag zien we jullie volgend jaar terug voor een spetterende editie.","robots":{"index":"index","follow":"follow","max-snippet":"max-snippet:-1","max-image-preview":"max-image-preview:large","max-video-preview":"max-video-preview:-1"},"canonical":"https:\/\/www.stagegent.org\/content\/","og_locale":"nl_NL","og_type":"article","og_title":"Bedankt - International JKA camp S. Miyazaki","og_description":"Bedankt om van de internationale JKA stage S. MIYAZAKI een geweldig weekend te maken. Graag zien we jullie volgend jaar terug voor een spetterende editie.","og_url":"https:\/\/www.stagegent.org\/content\/","og_site_name":"International JKA camp S. Miyazaki","article_publisher":"https:\/\/www.facebook.com\/Internationale-JKA-Stage-S-Miyazaki-778343302215981\/","article_modified_time":"2025-07-26T09:50:47+00:00","twitter_card":"summary_large_image","twitter_misc":{"Geschatte leestijd":"1 minuut"},"schema":{"@context":"https:\/\/schema.org","@graph":[{"@type":"WebPage","@id":"https:\/\/www.stagegent.org\/content\/","url":"https:\/\/www.stagegent.org\/content\/","name":"Bedankt - International JKA camp S. Miyazaki","isPartOf":{"@id":"https:\/\/www.stagegent.org\/content\/#website"},"datePublished":"2024-04-29T14:36:56+00:00","dateModified":"2025-07-26T09:50:47+00:00","description":"Bedankt om van de internationale JKA stage S. MIYAZAKI een geweldig weekend te maken. Graag zien we jullie volgend jaar terug voor een spetterende editie.","breadcrumb":{"@id":"https:\/\/www.stagegent.org\/content\/#breadcrumb"},"inLanguage":"nl-NL","potentialAction":[{"@type":"ReadAction","target":["https:\/\/www.stagegent.org\/content\/"]}]},{"@type":"BreadcrumbList","@id":"https:\/\/www.stagegent.org\/content\/#breadcrumb","itemListElement":[{"@type":"ListItem","position":1,"name":"Home","item":"https:\/\/www.stagegent.org\/content\/bedankt\/"},{"@type":"ListItem","position":2,"name":"Bedankt"}]},{"@type":"WebSite","@id":"https:\/\/www.stagegent.org\/content\/#website","url":"https:\/\/www.stagegent.org\/content\/","name":"International JKA camp S. Miyazaki","description":"International JKA camp S. Miyazaki","potentialAction":[{"@type":"SearchAction","target":{"@type":"EntryPoint","urlTemplate":"https:\/\/www.stagegent.org\/content\/?s={search_term_string}"},"query-input":{"@type":"PropertyValueSpecification","valueRequired":true,"valueName":"search_term_string"}}],"inLanguage":"nl-NL"}]}},"_links":{"self":[{"href":"https:\/\/www.stagegent.org\/content\/wp-json\/wp\/v2\/pages\/4139","targetHints":{"allow":["GET"]}}],"collection":[{"href":"https:\/\/www.stagegent.org\/content\/wp-json\/wp\/v2\/pages"}],"about":[{"href":"https:\/\/www.stagegent.org\/content\/wp-json\/wp\/v2\/types\/page"}],"author":[{"embeddable":true,"href":"https:\/\/www.stagegent.org\/content\/wp-json\/wp\/v2\/users\/1"}],"replies":[{"embeddable":true,"href":"https:\/\/www.stagegent.org\/content\/wp-json\/wp\/v2\/comments?post=4139"}],"version-history":[{"count":48,"href":"https:\/\/www.stagegent.org\/content\/wp-json\/wp\/v2\/pages\/4139\/revisions"}],"predecessor-version":[{"id":5367,"href":"https:\/\/www.stagegent.org\/content\/wp-json\/wp\/v2\/pages\/4139\/revisions\/5367"}],"wp:attachment":[{"href":"https:\/\/www.stagegent.org\/content\/wp-json\/wp\/v2\/media?parent=4139"}],"curies":[{"name":"wp","href":"https:\/\/api.w.org\/{rel}","templated":true}]}}