{"id":3435,"date":"2024-04-29T16:31:47","date_gmt":"2024-04-29T14:31:47","guid":{"rendered":"http:\/\/www.stagegent.org\/content\/?page_id=3435"},"modified":"2025-04-22T21:31:23","modified_gmt":"2025-04-22T19:31:23","slug":"inscription-preable-par-club","status":"publish","type":"page","link":"https:\/\/www.stagegent.org\/content\/fr\/inscription-preable-par-club\/","title":{"rendered":"Club"},"content":{"rendered":"\n<p>L&#8217;inscription par club doit toujours se faire <strong>avant le d\u00e9but du stage (= pr\u00e9-inscription)<\/strong> par le <strong>secr\u00e9taire de votre club<\/strong>. Cette inscription group\u00e9e n&#8217;est possible que pour la <strong>totalit\u00e9 du stage<\/strong>.<\/p>\n\n\n\n<p>Une inscription par club offre les avantages suivants : <strong>pas de travail administratif sur place<\/strong>, vous ne perdez donc pas de temps suppl\u00e9mentaire \u00e0 faire la queue pendant une longue p\u00e9riode.<\/p>\n\n\n\n<figure class=\"wp-block-table\"><table><tbody><tr><td><strong>LICENCE<\/strong><\/td><td><strong>STAGE COMPLET<\/strong><\/td><td><strong>kostprijs<\/strong><\/td><\/tr><tr><td>Karate Vlaanderen \/ JKA Francophone<\/td><td>5 \u2013 10 participants<\/td><td>55 \u20ac\/participant<\/td><\/tr><tr><td>Karate Vlaanderen \/ JKA Francophone<\/td><td>10 \u2013 20 participants<\/td><td>50 \u20ac\/participant<\/td><\/tr><tr><td>Karate Vlaanderen \/ JKA Francophone<\/td><td>20 \u2013 \u2026.. participants<\/td><td>45 \u20ac\/participant<\/td><\/tr><tr><td>Autre f\u00e9d\u00e9ration de karate<\/td><td>&#8212;&#8211;<\/td><td>100 \u20ac\/participant<\/td><\/tr><\/tbody><\/table><\/figure>\n\n\n\n<h3 class=\"wp-block-heading\"><strong>Instructions de pr\u00e9-inscription via le club<\/strong><\/h3>\n\n\n\n<p><strong>Instructions participant<\/strong><br>Vous communiquerez votre participation <strong>en temps utile<\/strong> en temps utile au secr\u00e9taire de <strong>votre<\/strong> club (et donc <strong><u>pas<\/u><\/strong> via le lien \u2018inscription individuelle\u2019 sur ce site).<\/p>\n\n\n\n<p><strong>Instructions secretaire de club<\/strong><\/p>\n\n\n\n<ul class=\"wp-block-list\">\n<li>Veuillez inscrire les participants de votre club <strong>au plus tard le dimanche 22 juin 2025 <\/strong>en utilisant le formulaire ci-dessous.<\/li>\n\n\n\n<li>Veuillez payer le montant total pour le club <strong><strong>au plus tard le dimanche 22 juin 2025<\/strong><\/strong>. Le paiement est effectu\u00e9 par virement sur compte BE70 0019 3647 1725 (Bic code : GEBABEBB) van \u201cSTAGE GENT\u201d en indiquant \u201cle nom et le num\u00e9ro du CLUB\u201d.<\/li>\n<\/ul>\n\n\n\n<p>L&#8217;inscription n&#8217;est valable que si vous avez re\u00e7u un e-mail de confirmation en tant que secr\u00e9taire du club.<\/p>\n\n\n\n<h3 class=\"wp-block-heading\"><strong>Inscriptions<\/strong><\/h3>\n\n\n\n<p>Veuillez tout compl\u00e9ter en LETTRES MAJUSCULES. Cela simplifie les d\u00e9marches administratives.<a id=\"_msocom_1\"><\/a><\/p>\n\n\n","protected":false},"excerpt":{"rendered":"<p>L&#8217;inscription par club doit toujours se faire avant le d\u00e9but du stage (= pr\u00e9-inscription) par le secr\u00e9taire de votre club. Cette inscription group\u00e9e n&#8217;est possible que pour la totalit\u00e9 du stage. Une inscription par club offre les avantages suivants : pas de travail administratif sur place, vous ne perdez donc pas de temps suppl\u00e9mentaire \u00e0 [&hellip;]<\/p>\n","protected":false},"author":1,"featured_media":0,"parent":0,"menu_order":0,"comment_status":"closed","ping_status":"closed","template":"","meta":{"_exactmetrics_skip_tracking":false,"_exactmetrics_sitenote_active":false,"_exactmetrics_sitenote_note":"","_exactmetrics_sitenote_category":0,"footnotes":""},"class_list":["post-3435","page","type-page","status-publish","hentry"],"yoast_head":"<!-- This site is optimized with the Yoast SEO plugin v25.5 - https:\/\/yoast.com\/wordpress\/plugins\/seo\/ -->\n<title>Club - International JKA camp S. Miyazaki<\/title>\n<meta name=\"description\" content=\"Les inscriptions par club doivent toujours \u00eatre effectu\u00e9es avant le d\u00e9but du stage. Comment vous faites cela, quelles informations nous avons besoin peuvent \u00eatre trouv\u00e9es ici.\" \/>\n<meta name=\"robots\" content=\"index, follow, max-snippet:-1, max-image-preview:large, max-video-preview:-1\" \/>\n<link rel=\"canonical\" href=\"https:\/\/www.stagegent.org\/content\/fr\/inscription-preable-par-club\/\" \/>\n<meta property=\"og:locale\" content=\"nl_NL\" \/>\n<meta property=\"og:type\" content=\"article\" \/>\n<meta property=\"og:title\" content=\"Club - International JKA camp S. Miyazaki\" \/>\n<meta property=\"og:description\" content=\"Les inscriptions par club doivent toujours \u00eatre effectu\u00e9es avant le d\u00e9but du stage. Comment vous faites cela, quelles informations nous avons besoin peuvent \u00eatre trouv\u00e9es ici.\" \/>\n<meta property=\"og:url\" content=\"https:\/\/www.stagegent.org\/content\/fr\/inscription-preable-par-club\/\" \/>\n<meta property=\"og:site_name\" content=\"International JKA camp S. Miyazaki\" \/>\n<meta property=\"article:publisher\" content=\"https:\/\/www.facebook.com\/Internationale-JKA-Stage-S-Miyazaki-778343302215981\/\" \/>\n<meta property=\"article:modified_time\" content=\"2025-04-22T19:31:23+00:00\" \/>\n<meta name=\"twitter:card\" content=\"summary_large_image\" \/>\n<meta name=\"twitter:label1\" content=\"Geschatte leestijd\" \/>\n\t<meta name=\"twitter:data1\" content=\"2 minuten\" \/>\n<script type=\"application\/ld+json\" class=\"yoast-schema-graph\">{\"@context\":\"https:\/\/schema.org\",\"@graph\":[{\"@type\":\"WebPage\",\"@id\":\"https:\/\/www.stagegent.org\/content\/fr\/inscription-preable-par-club\/\",\"url\":\"https:\/\/www.stagegent.org\/content\/fr\/inscription-preable-par-club\/\",\"name\":\"Club - International JKA camp S. Miyazaki\",\"isPartOf\":{\"@id\":\"https:\/\/www.stagegent.org\/content\/#website\"},\"datePublished\":\"2024-04-29T14:31:47+00:00\",\"dateModified\":\"2025-04-22T19:31:23+00:00\",\"description\":\"Les inscriptions par club doivent toujours \u00eatre effectu\u00e9es avant le d\u00e9but du stage. Comment vous faites cela, quelles informations nous avons besoin peuvent \u00eatre trouv\u00e9es ici.\",\"breadcrumb\":{\"@id\":\"https:\/\/www.stagegent.org\/content\/fr\/inscription-preable-par-club\/#breadcrumb\"},\"inLanguage\":\"nl-NL\",\"potentialAction\":[{\"@type\":\"ReadAction\",\"target\":[\"https:\/\/www.stagegent.org\/content\/fr\/inscription-preable-par-club\/\"]}]},{\"@type\":\"BreadcrumbList\",\"@id\":\"https:\/\/www.stagegent.org\/content\/fr\/inscription-preable-par-club\/#breadcrumb\",\"itemListElement\":[{\"@type\":\"ListItem\",\"position\":1,\"name\":\"Home\",\"item\":\"https:\/\/www.stagegent.org\/content\/bedankt\/\"},{\"@type\":\"ListItem\",\"position\":2,\"name\":\"Club\"}]},{\"@type\":\"WebSite\",\"@id\":\"https:\/\/www.stagegent.org\/content\/#website\",\"url\":\"https:\/\/www.stagegent.org\/content\/\",\"name\":\"International JKA camp S. Miyazaki\",\"description\":\"International JKA camp S. Miyazaki\",\"potentialAction\":[{\"@type\":\"SearchAction\",\"target\":{\"@type\":\"EntryPoint\",\"urlTemplate\":\"https:\/\/www.stagegent.org\/content\/?s={search_term_string}\"},\"query-input\":{\"@type\":\"PropertyValueSpecification\",\"valueRequired\":true,\"valueName\":\"search_term_string\"}}],\"inLanguage\":\"nl-NL\"}]}<\/script>\n<!-- \/ Yoast SEO plugin. -->","yoast_head_json":{"title":"Club - International JKA camp S. Miyazaki","description":"Les inscriptions par club doivent toujours \u00eatre effectu\u00e9es avant le d\u00e9but du stage. Comment vous faites cela, quelles informations nous avons besoin peuvent \u00eatre trouv\u00e9es ici.","robots":{"index":"index","follow":"follow","max-snippet":"max-snippet:-1","max-image-preview":"max-image-preview:large","max-video-preview":"max-video-preview:-1"},"canonical":"https:\/\/www.stagegent.org\/content\/fr\/inscription-preable-par-club\/","og_locale":"nl_NL","og_type":"article","og_title":"Club - International JKA camp S. Miyazaki","og_description":"Les inscriptions par club doivent toujours \u00eatre effectu\u00e9es avant le d\u00e9but du stage. Comment vous faites cela, quelles informations nous avons besoin peuvent \u00eatre trouv\u00e9es ici.","og_url":"https:\/\/www.stagegent.org\/content\/fr\/inscription-preable-par-club\/","og_site_name":"International JKA camp S. Miyazaki","article_publisher":"https:\/\/www.facebook.com\/Internationale-JKA-Stage-S-Miyazaki-778343302215981\/","article_modified_time":"2025-04-22T19:31:23+00:00","twitter_card":"summary_large_image","twitter_misc":{"Geschatte leestijd":"2 minuten"},"schema":{"@context":"https:\/\/schema.org","@graph":[{"@type":"WebPage","@id":"https:\/\/www.stagegent.org\/content\/fr\/inscription-preable-par-club\/","url":"https:\/\/www.stagegent.org\/content\/fr\/inscription-preable-par-club\/","name":"Club - International JKA camp S. Miyazaki","isPartOf":{"@id":"https:\/\/www.stagegent.org\/content\/#website"},"datePublished":"2024-04-29T14:31:47+00:00","dateModified":"2025-04-22T19:31:23+00:00","description":"Les inscriptions par club doivent toujours \u00eatre effectu\u00e9es avant le d\u00e9but du stage. Comment vous faites cela, quelles informations nous avons besoin peuvent \u00eatre trouv\u00e9es ici.","breadcrumb":{"@id":"https:\/\/www.stagegent.org\/content\/fr\/inscription-preable-par-club\/#breadcrumb"},"inLanguage":"nl-NL","potentialAction":[{"@type":"ReadAction","target":["https:\/\/www.stagegent.org\/content\/fr\/inscription-preable-par-club\/"]}]},{"@type":"BreadcrumbList","@id":"https:\/\/www.stagegent.org\/content\/fr\/inscription-preable-par-club\/#breadcrumb","itemListElement":[{"@type":"ListItem","position":1,"name":"Home","item":"https:\/\/www.stagegent.org\/content\/bedankt\/"},{"@type":"ListItem","position":2,"name":"Club"}]},{"@type":"WebSite","@id":"https:\/\/www.stagegent.org\/content\/#website","url":"https:\/\/www.stagegent.org\/content\/","name":"International JKA camp S. Miyazaki","description":"International JKA camp S. Miyazaki","potentialAction":[{"@type":"SearchAction","target":{"@type":"EntryPoint","urlTemplate":"https:\/\/www.stagegent.org\/content\/?s={search_term_string}"},"query-input":{"@type":"PropertyValueSpecification","valueRequired":true,"valueName":"search_term_string"}}],"inLanguage":"nl-NL"}]}},"_links":{"self":[{"href":"https:\/\/www.stagegent.org\/content\/wp-json\/wp\/v2\/pages\/3435","targetHints":{"allow":["GET"]}}],"collection":[{"href":"https:\/\/www.stagegent.org\/content\/wp-json\/wp\/v2\/pages"}],"about":[{"href":"https:\/\/www.stagegent.org\/content\/wp-json\/wp\/v2\/types\/page"}],"author":[{"embeddable":true,"href":"https:\/\/www.stagegent.org\/content\/wp-json\/wp\/v2\/users\/1"}],"replies":[{"embeddable":true,"href":"https:\/\/www.stagegent.org\/content\/wp-json\/wp\/v2\/comments?post=3435"}],"version-history":[{"count":32,"href":"https:\/\/www.stagegent.org\/content\/wp-json\/wp\/v2\/pages\/3435\/revisions"}],"predecessor-version":[{"id":5331,"href":"https:\/\/www.stagegent.org\/content\/wp-json\/wp\/v2\/pages\/3435\/revisions\/5331"}],"wp:attachment":[{"href":"https:\/\/www.stagegent.org\/content\/wp-json\/wp\/v2\/media?parent=3435"}],"curies":[{"name":"wp","href":"https:\/\/api.w.org\/{rel}","templated":true}]}}